Give c(z).
8
Let o(l) = -2*l - 6*l**2 + 7*l**2 + 1 + 3*l + 2. Determine o(-5).
23
Suppose -3*b + 26 + 4 = -3*j, 5*j + 4*b + 5 = 0. Let u(w) = -11*w + 5. Let c(t) = 39*t - 18. Let n = 21 - 39. Let r(o) = j*c(o) + n*u(o). Give r(-2).
-6
Suppose a - 6*a = -5*t - 45, 3*t + 33 = 4*a. Suppose -13 = 3*z - 5*u, -2*u + 30 = a*z - z. Let y(n) be the first derivative of -n**2/2 + n - 3. What is y(z)?
-3
Let t(z) = -1 - 4*z**3 - 3*z**2 + z - 4*z + 7*z + 3*z**3. Suppose -5*a + a - 16 = 0. What is t(a)?
-1
Let b be 84/15 - 4/(-10). Suppose l = -l - b. Let p = l - -3. Let g(o) = o + 7. Calculate g(p).
7
Let g(c) = 3*c - 3. Let o be g(2). Suppose 3*j = -o*l, 2*l - 5*j = -l. Let k(f) = -f**3 - f + 9. What is k(l)?
9
Let r(o) = -o - 2. Let u(d) = 3*d - 2. Let m be u(3). Suppose -m*t = -2*t. Determine r(t).
-2
Let x be 2/7 + (-30)/7. Let a(o) = -o**2 + o + 1. Let t(f) = -2*f**2 + 3*f + 5. Let j(k) = x*a(k) + t(k). What is j(1)?
2
Let o(b) be the first derivative of -b**6/120 + b**3/6 - 4*b**2 - 3. Let a(f) be the second derivative of o(f). Calculate a(-1).
2
Let y = 0 + 0. Suppose -5*o = -l - 17, 3*l + y*l = -3*o + 39. Suppose 2*d = -2*k - l, 2*d + 0 = k - 2. Let a(i) = 3*i + 3. What is a(d)?
-3
Suppose 4*h - 17 = 3. Suppose 0 = h*y - 3*s + 37, -2*s + 0 = 5*y + 17. Let l(v) = v**2 + 5*v + 7. Determine l(y).
7
Suppose 6 = -2*k + 3*k. Let f(j) be the third derivative of j**6/120 - 7*j**5/60 + j**4/3 - 2*j**3/3 - 65*j**2. Determine f(k).
8
Let p = -1 - -3. Suppose 4*n - 23 + 7 = -2*v, 4*v = -p*n + 26. Let y(o) = o**2 - 6*o - 2. What is y(v)?
-2
Let l(r) = r - 3*r + r + 4*r**3 - 3*r**3 + 6 - r**2. What is l(0)?
6
Let z(l) = -l - 4. Let w be z(3). Let i = 5 - 7. Let y = i - w. Let p(b) = -2*b + 3. What is p(y)?
-7
Let n(x) = 2*x**2 - 4*x - 3. Let p be n(4). Let i = -8 + p. Suppose -2*v = 5*b + 13, -2*b - 4 = i*v + b. Let d(j) = -6*j**3 - j**2. Give d(v).
-7
Let f(w) be the first derivative of -5*w**4/4 - w**2 - w - 14. Suppose -3*p + 2 = -4. Suppose 3*h + 18 = -2*m - 3*m, 1 = p*h - m. What is f(h)?
6
Let c(j) = j**3 - 7*j**2 + 3. Let g be 1/(30/14 + -2). Let o be c(g). Let p be (-6)/o*2/(-4). Let i(n) = -7*n**3 + n**2 + n - 1. Calculate i(p).
-6
Let v = -3 - -7. Let g(k) = 4 + 6*k - 1 + 2*k**2 - v - k**2. Determine g(-5).
-6
Suppose 2*q - 4*b = 0, 2*q + 4*b = 7*q + 12. Let u(p) = -4*p**2 + 11*p - 7. Let c(s) = -6*s**2 + 20*s - 13. Let w(a) = 3*c(a) - 5*u(a). Calculate w(q).
8
Let m = 0 - -3. Let r(v) = -5*v**2 + 3*v**2 + v**2 + 3*v**2 + 15*v - 1 - v**3 - 11*v. Give r(m).
2
Let f(l) = -2*l**3 + 7*l**2 - 8*l - 5. Let u(s) = s**3 - 6*s**2 + 7*s + 4. Let o(z) = 5*f(z) + 6*u(z). Give o(1).
-4
Let v(c) = -c - 5. Suppose -3*a = 41 - 11. Calculate v(a).
5
Let t = -2 + 4. Let z(q) = -3*q**t + 2 + q**2 - 3. Suppose 6 = -2*i + 4*s, -2*s = 4*i - 0*s - 8. What is z(i)?
-3
Let l(u) = -u**3 + 2*u - 1. Let w(r) = 2*r**3 + r**2 - 3*r + 1. Let b(h) = 3*l(h) + 2*w(h). Determine b(-1).
0
Let a(h) = h**2 + 6*h + 9. Let m(n) = -n**2 - 8*n - 10. Let y(k) = -6*a(k) - 5*m(k). Suppose 0*z = 2*z. Suppose 3*b - 8 = l + l, 5*b + 3*l - 26 = z. Give y(b).
-4
Let a(l) = -3*l**3 + 5*l**2 - 1 - l**3 - 4*l + 3*l**3. Let o be (12 - 2)*(-2)/(-4). Suppose -3*q = -d - o, -2 = q + q - 2*d. What is a(q)?
5
Suppose 5*n - 30 = 3*n. Let y be (10/n)/(4/(-30)). Let v(t) = t**2 + 5*t - 6. Calculate v(y).
-6
Let f be -7 - -6 - (-5)/((-5)/(-8)). Let l(w) = w**2 - 7*w - 2. Give l(f).
-2
Let m(d) = -2*d**3 - d**2. Let c be (5/(-3))/((-3)/9). Suppose c*a - 5*w = 10, 3*a - 8*a = -w - 6. Determine m(a).
-3
Let r(n) = n**3 - 2*n**2 + n. Let y = 10 + -8. Let u be r(y). Let x(l) = 3*l**2 + l - 4 + 2*l**3 - u + 5 + 2. Calculate x(-2).
-5
Let f(n) = -n**3 + 5*n**2 - 7*n + 4. Let r(k) = 0*k + 7 + k + 4. Let l be r(-7). What is f(l)?
-8
Let h(p) = -p**3 - 4*p**2 + 2. Let d(f) = f**2 + f + 1. Let a(i) = 4*i**2 - 11*i - 6. Let o(z) = -a(z) + 5*d(z). Let u be o(-15). Give h(u).
2
Let k be -2 + 4 - (-4 - -2). Let i(b) = 99*b - k - 102*b + 3. Calculate i(2).
-7
Suppose 0 = -4*h, h - 3 = y - 3*h. Let f(k) = 2*k**3 + 4*k**2 - k - 1. What is f(y)?
-16
Let q be ((-3)/4)/(1/4). Let s be -3*(0 - (-12)/(-9)). Let j(o) = -o**2 + 6*o - s + 3 + 2*o**2. What is j(q)?
-10
Let i(x) be the first derivative of -x**4/4 + 7*x**3/3 - 3*x**2 + x - 9. What is i(5)?
21
Let u(v) be the third derivative of -v**5/60 + v**4/3 + v**3/6 + 4*v**2. Give u(8).
1
Let m = 60 + -59. Let p(f) = 5*f**2 + 2*f - 1. Calculate p(m).
6
Let h(w) = -w**2 - 5*w + 6. Let k(y) = -y**2 - 6*y + 7. Let v be 2/3 + (-24)/(-18). Let j(l) = v*k(l) - 3*h(l). Determine j(-4).
0
Let p(f) = f**3 + f + 1. Let a = -7 - -7. Determine p(a).
1
Let b(l) be the second derivative of l**5/20 + l**4/3 - l**3 + l**2/2 + 10*l. Calculate b(-5).
6
Let i(p) = -2*p - 11. Let w(c) = c - 1. Let v be 2 + (2/(-1) - 1). Let r(s) = v*w(s) - i(s). What is r(-5)?
7
Let j(r) = 7 + 9*r - 4*r - 4*r. Calculate j(-5).
2
Let p(u) = -u**3 - 4*u**2 + 2*u + 4. Let a = -4 - -9. Suppose -22 = a*w - 2. Determine p(w).
-4
Let p(l) = -l + 2. Let g be p(4). Let t be (-3)/6*-2 - g. Let f(y) = 2*y + 0 + y + t - 1. Determine f(-2).
-4
Let q(a) = -a - 1. Let r(b) = -11*b - 2 + 1 + 1 - 3. Let w(h) = -4*q(h) + r(h). Suppose 5*o + 3*f - 17 = 0, 2*f + 11 = 3*o + 4*f. Determine w(o).
-6
Let x(k) = -k + 7. Suppose -6 = -p - 2*z + 3*z, -p - z + 2 = 0. Let u(f) = -3 - 7 + 2*f - 10. Let m(i) = p*u(i) + 11*x(i). Give m(-3).
6
Let y(s) = 2*s - 2*s**2 + 2*s - 6*s. Calculate y(-2).
-4
Let a(h) = h + 6. Suppose 51 - 66 = 3*j. What is a(j)?
1
Let o(n) = 7*n**3 + 3*n**3 - 5*n - 6 - 4*n**2 + 0*n. Let r(j) = 10*j**3 - 3*j**2 - 4*j - 5. Let k(t) = 4*o(t) - 5*r(t). Give k(-1).
10
Suppose -5*k + 15 = -5*z - 2*k, -4*k - 32 = 2*z. Let i = -6 - z. Let v(q) = q**3 + q - 6. Determine v(i).
-6
Suppose 4*n - 6 = -5*p + 3, n = -5*p + 6. Let x = n + -2. Let j(w) = 2*w - 5. Let l(s) = -s + 3. Let i(k) = 4*j(k) + 7*l(k). Determine i(x).
0
Let x(u) = 55*u**2 - 58*u**2 + 0*u + u. Determine x(-1).
-4
Suppose -4*k = 3*w, 2*k - 1 + 23 = 4*w. Let v = k + 4. Let r(l) be the second derivative of -l**5/20 + l**4/12 - l**3/6 - 4*l. What is r(v)?
-1
Let c(l) = l**2 + l. Let x be c(-2). Let p(f) = -3 - 12*f**2 + 5*f**2 + 0*f**x + f. Let v(i) = 6*i**2 + 3. Let k(n) = -5*p(n) - 6*v(n). What is k(-4)?
1
Let h(m) = -m - 24*m**2 + 25*m**2 - 3*m. What is h(5)?
5
Let q(u) be the third derivative of -13*u**4/24 - u**3/3 + 23*u**2. Calculate q(-2).
24
Let o = 2 + 0. Suppose 6 = -2*l - j - o, 5*l = 3*j + 2. Let v(c) = -2*c + 1. Let i(f) = f - 1. Let d(r) = -3*i(r) - 2*v(r). Give d(l).
-1
Let w(i) = i**3 + 5*i**2 - i - 5. Let q(z) = z**3 + 4*z**2 - 2*z - 4. Let r(y) = 3*q(y) - 2*w(y). What is r(-3)?
1
Let s(d) = -d**2 - 5*d + 2. Let l = -10 + -10. Let i = l + 14. What is s(i)?
-4
Let v be -7*2/6*3. Let s = -3 - v. Let g(o) = o**2 - 4*o + 2. Give g(s).
2
Let i(k) = k**2 + 3*k + 2. Let c be 9/3 - 0 - 0. Let j be c/(-4) + (-25)/20. What is i(j)?
0
Let x = -11 + 10. Let z(f) = -7*f. Determine z(x).
7
Let r(k) = 6*k - 4. Let h(m) be the first derivative of -3*m**2 + 3*m - 1. Let i = 8 - 4. Let u(b) = i*r(b) + 5*h(b). Calculate u(1).
-7
Suppose -2*d + d + 8 = -5*a, -5*d + a + 16 = 0. Let v(f) = 4*f**2 - f**3 + d*f - 3*f**2 - 2*f - 1. What is v(2)?
-3
Let w be ((-10)/4)/((-6)/12). Let x(r) = -6*r**2 - r**2 - 1 - 3 + w. Calculate x(1).
-6
Let w(u) = 2*u + 1. Let j(c) = -c - 1. Let s(m) = -3*j(m) - 2*w(m). Calculate s(-3).
4
Let g be (-2)/(-8) + 22/8. Let s(h) = g*h + 0*h - 4*h**2 + 1 + 2*h**3 - h. Suppose -8 = -11*n + 7*n. Calculate s(n).
5
Let w(q) be the third derivative of 0 + 1/120*q**6 - 1/12*q**5 + 0*q + 1/8*q**4 + 2*q**2 - 1/2*q**3. Let x be (-6)/(-9) + 10/3. Determine w(x).
-7
Let k be ((2 - 8) + 4)*-5. Suppose -3*i - 4 = -k. Let h(q) be the second derivative of q**3/3 - q**2/2 + q. Calculate h(i).
3
Let q(d) be the first derivative of -1/6*d**3 + d**2 + 2 - 1/24*d**4 + 0*d. Let t(g) be the second derivative of q(g). Give t(0).
-1
Let j = 11 + -11. Let i(m) = -m**2 - m - 16. Determine i(j).
-16
Let b(w) = -w**3 + 4*w**2 - 4*w + 4. Let p = -5 + 9. Let s = -11 - -18. Suppose 5 = p*o - s. What is b(o)?
1
Let l(a) = -5*a - 6. Let s(t) = 4*t + 6. Let c(z) = -3*l(z) - 4*s(z). Let v(d) = -4*d**2 - 4*d + 2*d**2 + d**2. Let h be v(-5). Determine c(h).
-1
Let b = -3 - -2. Let g(z) = -9*z